{"id":67,"date":"2023-10-08T22:54:43","date_gmt":"2023-10-08T20:54:43","guid":{"rendered":"http:\/\/sportfluo.fr\/?page_id=67"},"modified":"2023-10-08T22:54:44","modified_gmt":"2023-10-08T20:54:44","slug":"sport-fluo-cest-quoi","status":"publish","type":"page","link":"https:\/\/sportfluo.fr\/index.php\/sport-fluo-cest-quoi\/","title":{"rendered":"Qu&#8217;est ce que le Sport Fluo ?"},"content":{"rendered":"\n<p>Le terme &#8220;sport fluo&#8221; fait r\u00e9f\u00e9rence \u00e0 la pratique de sports ou d&#8217;activit\u00e9s physiques tout en portant des v\u00eatements, des chaussures ou des accessoires de couleur fluorescente ou vive. Ces couleurs vives sont souvent associ\u00e9es \u00e0 la visibilit\u00e9 et \u00e0 la s\u00e9curit\u00e9, en particulier dans des conditions de faible luminosit\u00e9, comme la course de nuit ou le cyclisme \u00e0 l&#8217;aube ou au cr\u00e9puscule. Les v\u00eatements et les accessoires fluorescents peuvent aider les athl\u00e8tes \u00e0 \u00eatre plus visibles pour les automobilistes et les autres personnes lorsqu&#8217;ils s&#8217;entra\u00eenent \u00e0 l&#8217;ext\u00e9rieur, ce qui r\u00e9duit le risque d&#8217;accidents.<\/p>\n\n\n\n<p>En plus de la s\u00e9curit\u00e9, le <a href=\"https:\/\/sportfluo.fr\">sport fluo<\/a> est \u00e9galement devenu une tendance esth\u00e9tique, et de nombreuses marques de v\u00eatements de sport proposent des collections avec des couleurs vives et fluorescentes pour r\u00e9pondre \u00e0 cette demande. Cela peut \u00e9galement ajouter une touche de style et d&#8217;originalit\u00e9 aux tenues de sport.<\/p>\n\n\n\n<p>Certains sports populaires associ\u00e9s au sport fluo comprennent la course \u00e0 pied, le cyclisme, la marche, le roller, le yoga, la danse, et d&#8217;autres activit\u00e9s physiques en plein air ou en salle. Le choix de v\u00eatements et d&#8217;accessoires fluorescents d\u00e9pendra des pr\u00e9f\u00e9rences personnelles de l&#8217;individu ainsi que des conditions dans lesquelles ils pratiquent leur <a href=\"https:\/\/tennisfluo.fr\">activit\u00e9 sportive<\/a>.<\/p>\n","protected":false},"excerpt":{"rendered":"<p>Le terme &#8220;sport fluo&#8221; fait r\u00e9f\u00e9rence \u00e0 la pratique de sports ou d&#8217;activit\u00e9s physiques tout en portant des v\u00eatements, des chaussures ou des accessoires de couleur fluorescente ou vive. Ces couleurs vives sont souvent associ\u00e9es \u00e0 la visibilit\u00e9 et \u00e0 la s\u00e9curit\u00e9, en particulier dans des conditions de faible luminosit\u00e9, comme la course de nuit [&hellip;]<\/p>\n","protected":false},"author":1,"featured_media":0,"parent":0,"menu_order":0,"comment_status":"closed","ping_status":"closed","template":"","meta":{"footnotes":""},"tags":[],"class_list":["post-67","page","type-page","status-publish","hentry"],"acf":[],"yoast_head":"<!-- This site is optimized with the Yoast SEO plugin v19.13 - https:\/\/yoast.com\/wordpress\/plugins\/seo\/ -->\n<title>Qu&#039;est ce que le Sport Fluo ? - Sport Fluo .fr: Sp\u00e9cialiste du sport fluo, du tennis Fluo<\/title>\n<meta name=\"description\" content=\"Qu&#039;est ce que le sport fluo ? Explications et d\u00e9finition du sport fluo en quelques lignes\" \/>\n<meta name=\"robots\" content=\"index, follow, max-snippet:-1, max-image-preview:large, max-video-preview:-1\" \/>\n<link rel=\"canonical\" href=\"http:\/\/sportfluo.fr\/index.php\/sport-fluo-cest-quoi\/\" \/>\n<meta property=\"og:locale\" content=\"en_US\" \/>\n<meta property=\"og:type\" content=\"article\" \/>\n<meta property=\"og:title\" content=\"Qu&#039;est ce que le Sport Fluo ? - Sport Fluo .fr: Sp\u00e9cialiste du sport fluo, du tennis Fluo\" \/>\n<meta property=\"og:description\" content=\"Qu&#039;est ce que le sport fluo ? Explications et d\u00e9finition du sport fluo en quelques lignes\" \/>\n<meta property=\"og:url\" content=\"http:\/\/sportfluo.fr\/index.php\/sport-fluo-cest-quoi\/\" \/>\n<meta property=\"og:site_name\" content=\"Sport Fluo .fr: Sp\u00e9cialiste du sport fluo, du tennis Fluo\" \/>\n<meta property=\"article:modified_time\" content=\"2023-10-08T20:54:44+00:00\" \/>\n<meta name=\"twitter:card\" content=\"summary_large_image\" \/>\n<meta name=\"twitter:label1\" content=\"Est. reading time\" \/>\n\t<meta name=\"twitter:data1\" content=\"1 minute\" \/>\n<script type=\"application\/ld+json\" class=\"yoast-schema-graph\">{\"@context\":\"https:\/\/schema.org\",\"@graph\":[{\"@type\":\"WebPage\",\"@id\":\"http:\/\/sportfluo.fr\/index.php\/sport-fluo-cest-quoi\/\",\"url\":\"http:\/\/sportfluo.fr\/index.php\/sport-fluo-cest-quoi\/\",\"name\":\"Qu'est ce que le Sport Fluo ? - Sport Fluo .fr: Sp\u00e9cialiste du sport fluo, du tennis Fluo\",\"isPartOf\":{\"@id\":\"http:\/\/sportfluo.fr\/#website\"},\"datePublished\":\"2023-10-08T20:54:43+00:00\",\"dateModified\":\"2023-10-08T20:54:44+00:00\",\"description\":\"Qu'est ce que le sport fluo ? Explications et d\u00e9finition du sport fluo en quelques lignes\",\"breadcrumb\":{\"@id\":\"http:\/\/sportfluo.fr\/index.php\/sport-fluo-cest-quoi\/#breadcrumb\"},\"inLanguage\":\"en-US\",\"potentialAction\":[{\"@type\":\"ReadAction\",\"target\":[\"http:\/\/sportfluo.fr\/index.php\/sport-fluo-cest-quoi\/\"]}]},{\"@type\":\"BreadcrumbList\",\"@id\":\"http:\/\/sportfluo.fr\/index.php\/sport-fluo-cest-quoi\/#breadcrumb\",\"itemListElement\":[{\"@type\":\"ListItem\",\"position\":1,\"name\":\"Accueil\",\"item\":\"http:\/\/sportfluo.fr\/\"},{\"@type\":\"ListItem\",\"position\":2,\"name\":\"Qu&#8217;est ce que le Sport Fluo ?\"}]},{\"@type\":\"WebSite\",\"@id\":\"http:\/\/sportfluo.fr\/#website\",\"url\":\"http:\/\/sportfluo.fr\/\",\"name\":\"Sport Fluo .fr: Sp\u00e9cialiste du sport fluo, du tennis Fluo\",\"description\":\"Sport Fluo .fr appartient \u00e0 AnyFluo, sp\u00e9cialiste du fluo\",\"potentialAction\":[{\"@type\":\"SearchAction\",\"target\":{\"@type\":\"EntryPoint\",\"urlTemplate\":\"http:\/\/sportfluo.fr\/?s={search_term_string}\"},\"query-input\":\"required name=search_term_string\"}],\"inLanguage\":\"en-US\"}]}<\/script>\n<!-- \/ Yoast SEO plugin. -->","yoast_head_json":{"title":"Qu'est ce que le Sport Fluo ? - Sport Fluo .fr: Sp\u00e9cialiste du sport fluo, du tennis Fluo","description":"Qu'est ce que le sport fluo ? Explications et d\u00e9finition du sport fluo en quelques lignes","robots":{"index":"index","follow":"follow","max-snippet":"max-snippet:-1","max-image-preview":"max-image-preview:large","max-video-preview":"max-video-preview:-1"},"canonical":"http:\/\/sportfluo.fr\/index.php\/sport-fluo-cest-quoi\/","og_locale":"en_US","og_type":"article","og_title":"Qu'est ce que le Sport Fluo ? - Sport Fluo .fr: Sp\u00e9cialiste du sport fluo, du tennis Fluo","og_description":"Qu'est ce que le sport fluo ? Explications et d\u00e9finition du sport fluo en quelques lignes","og_url":"http:\/\/sportfluo.fr\/index.php\/sport-fluo-cest-quoi\/","og_site_name":"Sport Fluo .fr: Sp\u00e9cialiste du sport fluo, du tennis Fluo","article_modified_time":"2023-10-08T20:54:44+00:00","twitter_card":"summary_large_image","twitter_misc":{"Est. reading time":"1 minute"},"schema":{"@context":"https:\/\/schema.org","@graph":[{"@type":"WebPage","@id":"http:\/\/sportfluo.fr\/index.php\/sport-fluo-cest-quoi\/","url":"http:\/\/sportfluo.fr\/index.php\/sport-fluo-cest-quoi\/","name":"Qu'est ce que le Sport Fluo ? - Sport Fluo .fr: Sp\u00e9cialiste du sport fluo, du tennis Fluo","isPartOf":{"@id":"http:\/\/sportfluo.fr\/#website"},"datePublished":"2023-10-08T20:54:43+00:00","dateModified":"2023-10-08T20:54:44+00:00","description":"Qu'est ce que le sport fluo ? Explications et d\u00e9finition du sport fluo en quelques lignes","breadcrumb":{"@id":"http:\/\/sportfluo.fr\/index.php\/sport-fluo-cest-quoi\/#breadcrumb"},"inLanguage":"en-US","potentialAction":[{"@type":"ReadAction","target":["http:\/\/sportfluo.fr\/index.php\/sport-fluo-cest-quoi\/"]}]},{"@type":"BreadcrumbList","@id":"http:\/\/sportfluo.fr\/index.php\/sport-fluo-cest-quoi\/#breadcrumb","itemListElement":[{"@type":"ListItem","position":1,"name":"Accueil","item":"http:\/\/sportfluo.fr\/"},{"@type":"ListItem","position":2,"name":"Qu&#8217;est ce que le Sport Fluo ?"}]},{"@type":"WebSite","@id":"http:\/\/sportfluo.fr\/#website","url":"http:\/\/sportfluo.fr\/","name":"Sport Fluo .fr: Sp\u00e9cialiste du sport fluo, du tennis Fluo","description":"Sport Fluo .fr appartient \u00e0 AnyFluo, sp\u00e9cialiste du fluo","potentialAction":[{"@type":"SearchAction","target":{"@type":"EntryPoint","urlTemplate":"http:\/\/sportfluo.fr\/?s={search_term_string}"},"query-input":"required name=search_term_string"}],"inLanguage":"en-US"}]}},"_links":{"self":[{"href":"https:\/\/sportfluo.fr\/index.php\/wp-json\/wp\/v2\/pages\/67","targetHints":{"allow":["GET"]}}],"collection":[{"href":"https:\/\/sportfluo.fr\/index.php\/wp-json\/wp\/v2\/pages"}],"about":[{"href":"https:\/\/sportfluo.fr\/index.php\/wp-json\/wp\/v2\/types\/page"}],"author":[{"embeddable":true,"href":"https:\/\/sportfluo.fr\/index.php\/wp-json\/wp\/v2\/users\/1"}],"replies":[{"embeddable":true,"href":"https:\/\/sportfluo.fr\/index.php\/wp-json\/wp\/v2\/comments?post=67"}],"version-history":[{"count":1,"href":"https:\/\/sportfluo.fr\/index.php\/wp-json\/wp\/v2\/pages\/67\/revisions"}],"predecessor-version":[{"id":68,"href":"https:\/\/sportfluo.fr\/index.php\/wp-json\/wp\/v2\/pages\/67\/revisions\/68"}],"wp:attachment":[{"href":"https:\/\/sportfluo.fr\/index.php\/wp-json\/wp\/v2\/media?parent=67"}],"wp:term":[{"taxonomy":"post_tag","embeddable":true,"href":"https:\/\/sportfluo.fr\/index.php\/wp-json\/wp\/v2\/tags?post=67"}],"curies":[{"name":"wp","href":"https:\/\/api.w.org\/{rel}","templated":true}]}}